{"id":755,"date":"2024-04-03T12:23:00","date_gmt":"2024-04-03T10:23:00","guid":{"rendered":"https:\/\/hernaniburujabe.eus\/?post_type=burujabetza&#038;p=755"},"modified":"2024-04-17T12:56:37","modified_gmt":"2024-04-17T11:56:37","slug":"vivienda","status":"publish","type":"burujabetza","link":"https:\/\/hernaniburujabe.eus\/es\/burujabetza\/vivienda\/","title":{"rendered":"Vivienda"},"content":{"rendered":"<section class=\"l-section wpb_row us_custom_4edece6e height_medium\"><div class=\"l-section-h i-cf\"><div class=\"g-cols vc_row via_flex valign_top type_default stacking_default\"><div class=\"vc_col-sm-8 wpb_column vc_column_container\"><div class=\"vc_column-inner\"><div class=\"wpb_wrapper\"><div class=\"wpb_text_column us_custom_402cca86\"><div class=\"wpb_wrapper\"><p>El derecho a la vivienda es hoy un requisito indispensable para una vida digna. Tener (o no tener) un refugio seguro condiciona todos los \u00e1mbitos de la persona: sus relaciones sociales y laborales o su equilibrio f\u00edsico y emocional. Es importante dar una soluci\u00f3n global al problema, aunque somos conscientes de las dificultades que el sistema pone para ello. A pesar de todo, y a pesar de las dificultades, hay que abordar esta cuesti\u00f3n, y Hernani Burujabe tambi\u00e9n tiene plena voluntad de hacerlo. En este camino, la idea es poner en marcha la oficina p\u00fablico-comunitaria de vivienda.<\/p>\n<\/div><\/div><\/div><\/div><\/div><div class=\"vc_col-sm-4 wpb_column vc_column_container\"><div class=\"vc_column-inner\"><div class=\"wpb_wrapper\"><div class=\"w-image has_ratio align_none\"><div class=\"w-image-h\"><div style=\"padding-bottom:150%\"><\/div><img decoding=\"async\" width=\"527\" height=\"898\" src=\"https:\/\/hernaniburujabe.eus\/wp-content\/uploads\/2024\/04\/Pantaila-argazkia_2024-04-03-13-20-39.png\" class=\"attachment-large size-large\" alt=\"\" loading=\"lazy\" \/><\/div><\/div><\/div><\/div><\/div><\/div><\/div><\/section>\n","protected":false},"featured_media":0,"template":"","categories":[30],"class_list":["post-755","burujabetza","type-burujabetza","status-publish","hentry","category-vivienda"],"acf":[],"_links":{"self":[{"href":"https:\/\/hernaniburujabe.eus\/es\/wp-json\/wp\/v2\/burujabetza\/755","targetHints":{"allow":["GET"]}}],"collection":[{"href":"https:\/\/hernaniburujabe.eus\/es\/wp-json\/wp\/v2\/burujabetza"}],"about":[{"href":"https:\/\/hernaniburujabe.eus\/es\/wp-json\/wp\/v2\/types\/burujabetza"}],"wp:attachment":[{"href":"https:\/\/hernaniburujabe.eus\/es\/wp-json\/wp\/v2\/media?parent=755"}],"wp:term":[{"taxonomy":"category","embeddable":true,"href":"https:\/\/hernaniburujabe.eus\/es\/wp-json\/wp\/v2\/categories?post=755"}],"curies":[{"name":"wp","href":"https:\/\/api.w.org\/{rel}","templated":true}]}}

<section class="l-section wpb_row us_custom_4edece6e height_medium"><div class="l-section-h i-cf"><div class="g-cols vc_row via_flex valign_top type_default stacking_default"><div class="vc_col-sm-8 wpb_column vc_column_container"><div class="vc_column-inner"><div class="wpb_wrapper"><div class="wpb_text_column us_custom_402cca86"><div class="wpb_wrapper"><p>El derecho a la vivienda es hoy un requisito indispensable para una vida digna. Tener (o no tener) un refugio seguro condiciona todos los ámbitos de la persona: sus relaciones sociales y laborales o su equilibrio físico y emocional. Es importante dar una solución global al problema, aunque somos conscientes de las dificultades que el sistema pone para ello. A pesar de todo, y a pesar de las dificultades, hay que abordar esta cuestión, y Hernani Burujabe también tiene plena voluntad de hacerlo. En este camino, la idea es poner en marcha la oficina público-comunitaria de vivienda.</p>
</div></div></div></div></div><div class="vc_col-sm-4 wpb_column vc_column_container"><div class="vc_column-inner"><div class="wpb_wrapper"><div class="w-image has_ratio align_none"><div class="w-image-h"><div style="padding-bottom:150%"></div><img decoding="async" width="527" height="898" src="https://hernaniburujabe.eus/wp-content/uploads/2024/04/Pantaila-argazkia_2024-04-03-13-20-39.png" class="attachment-large size-large" alt="" loading="lazy" /></div></div></div></div></div></div></div></section>
